te c(f).
9
Suppose 0 = -87*d + 84*d + 237. Let u(w) = 5*w**2 + 5*w - 80*w**3 + 1 + d*w**3 - 7*w**2. Calculate u(-4).
13
Let o(s) = -104*s + 1171. Let k(p) = -10*p - 5. Let h(r) = 4*k(r) + o(r). Calculate h(8).
-1
Let h(z) = -3*z**2 - 1. Suppose 24 = 2145*v - 2157*v. Give h(v).
-13
Let d(l) be the second derivative of -l**5/20 + 5*l**4/12 - 5*l**3/6 + 3*l**2/2 - 11*l. Suppose -18*c + 0*c + 104 = 32. Give d(c).
-1
Let m(p) = -p**3 + 5*p**2 - 3*p - 3. Let j(l) = 18*l**2 - 5*l - 13*l**2 + 0*l**2 - 4*l**2 + 4. Suppose 0 = -d + 5*d - 20. Let n be j(d). What is m(n)?
1
Let g(z) be the second derivative of z**3 - 5*z**2 + z + 360. Calculate g(5).
20
Suppose -2*i - 7*i = -351. Let r(x) = -4*x - 2*x**2 + 3*x**2 - 89 + 48 + i. Determine r(5).
3
Let p(y) = 24*y**3 + 14 + 6*y**2 + 5*y + 5 + 4 - 25*y**3. Determine p(7).
9
Let q be -5 - (-24)/5 - (-117)/(-65). Let r(a) = 3*a**2 - 4*a - 4. Give r(q).
16
Suppose 0 = 3*j - 9, -4*t - 4*j + 28 = 0. Let k(d) = -589637*d + 589635*d - 4 + 6 - 2. Determine k(t).
-8
Let z(a) = -a - 5. Let i(g) = 3*g + 9. Suppose n - 1 = -2*q, 7 = 4*n + 6*q - q. Suppose n*f - 14 + 8 = 0. Let x(b) = f*i(b) + 5*z(b). Give x(4).
-3
Let c(v) = 382 + v**2 + 412 - 829 + 2*v. Calculate c(5).
0
Let u(j) = -6*j - 1107*j**2 + 2 + 1108*j**2 + 23. Determine u(6).
25
Let u(r) be the first derivative of r**6/360 - r**4/24 - r**3/3 + 1. Let g(k) be the third derivative of u(k). Suppose -750*h - 38 = -731*h. Calculate g(h).
3
Let p(l) be the second derivative of -l**5/20 + 5*l**4/6 - 4*l**3/3 - 5*l**2/2 - 1636*l - 2. Determine p(9).
4
Let l(m) = 396*m - 68115. Let g be l(172). Let a(q) = 1 - q**3 - 3*q + 2*q**2 + 2*q**3 + 4*q. Calculate a(g).
-11
Let m be -6*(42/(-12))/(-7). Let p be ((-2)/6)/(m/(-81)). Let c(q) = -q**3 - 10*q**2 - 12*q - 12. Determine c(p).
15
Let i = 4639 - 4634. Let j(q) = q**3 - 5*q**2 + 6*q + 11. Calculate j(i).
41
Let m(g) = -6*g + 52. Let q(s) = 2*s - 6. Let j(c) = m(c) + 7*q(c). Calculate j(-6).
-38
Let g be (-1)/(-2)*1 - (-90)/(-20). Let s(x) = 3*x - 2. Let o(l) = -15*l - 1. Let r(n) = g*s(n) - o(n). What is r(-6)?
-9
Let z = -457 - -453. Let p(t) = 5*t + 17. Let l be p(z). Let f(h) = -4 - h - 1 - 1. What is f(l)?
-3
Suppose -6*u - 5*i = -2*u - 82, -5*u + 88 = -i. Let z(l) = u + 21 - 27 + l. Calculate z(-6).
6
Let d = 44 - 36. Let z(g) = 42*g + 29*g - 72*g + 7. Determine z(d).
-1
Let n(r) = r**3 - 4*r**2 - 8*r - 5. Let q(y) = y**2 - y + 2. Let v(j) = -n(j) + 2*q(j). Let m = -90 - -97. What is v(m)?
2
Suppose 20*l + 40 = 40*l. Let a(z) be the first derivative of -1/3*z**3 + 3*z - 14 + 1/2*z**l. Give a(-3).
-9
Let v(g) = -g**3 + 7*g**2 + 2*g + 1. Let x = 46 - 36. Let f(q) = q**2 - 9*q - 7. Let y be f(x). Suppose y*p = -0*p + 21. Calculate v(p).
15
Let s(d) be the third derivative of d**5/60 + 13*d**4/12 + 53*d**3/6 - 2*d**2 - 6*d + 150. Give s(-25).
28
Suppose -60*n + 1486 + 634 = -325*n. Let u(o) = -o**2 - 13*o - 23. Calculate u(n).
17
Suppose 14 = 1254*a - 1247*a. Let b(l) = -3*l**3 - 3*l + 2. What is b(a)?
-28
Let a(v) be the third derivative of v**6/120 + v**5/30 - 13*v**4/6 - 5*v**3/3 + 278*v**2. What is a(-8)?
22
Let h(o) be the second derivative of o**5/20 + 13*o**4/12 + 2*o**3 - 4*o**2 + o. Let z = 166516 + -166528. Calculate h(z).
-8
Let a(q) = -6*q - 4*q + 9 - q**2 + 2*q. Let s(h) = h**3 - 3*h**2 + 3*h + 8. Let c(t) = -t**2 - t. Let i(r) = -3*c(r) - s(r). Let n be i(6). Give a(n).
9
Let t(k) = 14 - 63637*k - 63673*k + 127284*k. Give t(6).
-142
Suppose 0 = 26*s - 24*s - 16. Let j(m) = -6 - 2 + 8 - s*m**2 + m. Let t(r) = -r + 6. Let i be t(7). Calculate j(i).
-9
Suppose 24*q = 162 + 438. Let i(d) = 6*d - 87. Calculate i(q).
63
Let i(q) = -q**3 + q**2 + 3*q - 1. Let h(u) = 2*u + 5. Let g be h(8). Suppose -5*y + g = -3*d, -y - 4*d + 7*d = -9. Determine i(y).
-10
Let a(w) = w**3 - 5*w**2 - 13. Suppose 4*h - 24*x - 30 = -23*x, -2*h - x = -6. What is a(h)?
23
Let x(r) = 20*r**2 - 33*r - 9. Let j(t) = 8*t**2 + t - 1. Let c(h) = -2*j(h) + x(h). Calculate c(9).
2
Let k = -97 + 97. Suppose -3*q + 5*d = -20, -4*q + 2*d + k*d + 8 = 0. Suppose -4*r = 2*h + 2, r - 3*h - 3 = -q*h. Let s(a) = -a**2 - 1. What is s(r)?
-1
Let h be 23821/(-6027) + (-88)/84 + 1. Let z(s) be the third derivative of s**5/30 + s**4/8 - 2*s**3/3 - s**2. Give z(h).
16
Let b be (72/16)/((-3)/16). Let u be (b/28)/(-3) + (-6)/21. Let i(m) = -m**2 - 3. Let r(x) = 2*x**2 + 7. Let h(n) = 7*i(n) + 4*r(n). What is h(u)?
7
Let d be (6/(-54))/((-12)/(-252))*(-18)/14. Let g(n) = -12*n + 42. Give g(d).
6
Let o(x) = -4*x**2 - 2*x - 1. Let a(u) = -u**3 - 4*u**2 - 2*u + 1. Let s be a(-2). Calculate o(s).
-31
Let a(q) be the second derivative of -q**7/2520 - q**5/30 + 11*q**4/12 + 15*q. Let s(y) be the third derivative of a(y). Suppose -19*k = -7*k. Determine s(k).
-4
Let n(u) = u**2 - 19*u + 8. Suppose 91 = 5*a + 4*r, 4*a - 65 = 10*r - 21*r. Calculate n(a).
8
Suppose -3*z = -5*q + 74, -5*z + 3*q - 5*q - 175 = 0. Let t = 36 + z. Let p(u) = -5*u + 5*u - 9 - t*u + 0*u. Give p(-6).
9
Let o(t) = -t + 30. Let n(w) = 6*w**2 + 612*w - 613. Let l be n(1). Determine o(l).
25
Let y(w) = 24 + 23*w**2 + 41 + 2*w**3 + 3*w**2 + 12*w**2 - 37 - 39*w. What is y(-20)?
8
Let l = 6169 + -6168. Let h(v) = -81*v**2 - 2*v + 1. Determine h(l).
-82
Let b(x) = 2*x**2 - 5*x - 1. Suppose z + w = 3*z - 37, 4*w + 48 = 3*z. Let o = 36 - z. Suppose h - 4*k + 0*k + o = 0, 0 = -4*h - k + 21. Calculate b(h).
11
Let h be 2/(-3) + (-63)/27. Let d(a) = 5*a - a - 2*a + 0*a. What is d(h)?
-6
Let r = -20503/6 + 6835/2. Let a(v) be the first derivative of v**2 - 2*v - 33 + r*v**3. What is a(-2)?
-2
Suppose 4*t + 5*f = -0*f + 169, -5*t = -2*f - 236. Suppose 3*s + 15 = 0, 18*s - 23*s + 220 = -5*u. Let o = u + t. Let r(l) = 3*l + 2. Calculate r(o).
-7
Let s(r) = r**2 + 5. Suppose -4*p - 3 + 3 = 0. Suppose p = 5*m + 2*b + 5 + 1, -6 = m + 2*b. Let k be s(m). Let d(c) = 2*c**2 - 5*c - 1. What is d(k)?
24
Let c be 69/2*40/(-6). Let f = -222 - c. Let b(j) = -2*j + 10. Determine b(f).
-6
Let j(f) be the third derivative of -f**8/20160 + f**7/1260 - f**6/240 - 19*f**5/10 - 160*f**2. Let a(x) be the third derivative of j(x). Determine a(4).
-3
Let y(i) = i**3 + 5*i**2 - 4*i + 19. Suppose 3*j - 1123 + 1141 = 0. Calculate y(j).
7
Let p(t) be the third derivative of -t**5/60 - 7*t**4/24 - 2*t**3/3 + 21*t**2. Suppose 227*j = 221*j - 54. Give p(j).
-22
Let z(s) = s**2 + 14*s - 28. Suppose 0 = 4*f + 12, 4*t + 70 = 3*f + 15. Give z(t).
4
Let u(x) = 6*x + 64. Let l(c) = -103*c + 1429. Let o be l(14). Calculate u(o).
-14
Suppose -3*g + 5 = 5*v, -9*g + 7*g = 3*v - 4. Let k(f) be the first derivative of 0*f + 3/2*f**2 + f**3 + 1. What is k(v)?
6
Let l be ((-48)/(-1272))/((-24)/(-318)). Let n(x) be the second derivative of -1/2*x**3 + 44*x + 0*x**2 + l*x**4 - 1/20*x**5 + 0. What is n(2)?
10
Let u be 32/10 + 7/(-70)*2. Let t(r) = -r**2 + 4*r + 6. Determine t(u).
9
Let u(a) = a + 9. Let q be u(-12). Let l be (-141)/(-12) - q/12. Suppose -x = -2*x + 3*s + l, -6 = -x + s. Let j(z) = 2*z**2 - 4*z + 1. Give j(x).
7
Let z = 3 - 4. Let f be 4*-1 - (1 + z). Let b(h) = -15*h - 1885. Let l(j) = j + 133. Let y(p) = -6*b(p) - 85*l(p). Calculate y(f).
-15
Let v(o) = -o**2 - 403*o + 3289. Let k be v(8). Let j(t) = -5*t + 5. Calculate j(k).
0
Let k(g) = 19*g - 26*g**2 + 21 + 32*g**2 - 1 - 4*g**2. Calculate k(-1).
3
Let g(x) = x**3 + 6*x**2 + 5*x - 6. Suppose 10 = 9*o + 28. Let m be 28/(-7) + (-5 + 2 - o). Calculate g(m).
-6
Let s be (-18)/45*(-730)/(-2). Let k = s - -147. Let l(q) = 4*q**3 + q**2 - 1. Calculate l(k).
4
Let g(z) = 9*z**3 - 8*z**3 + 3*z**2 - 6*z - 2*z**2. Suppose 39 = -5*i - 4*u, -48*i = -43*i + 2*u + 27. What is g(i)?
0
Let m(g) = 790*g**3 + 10*g**2 - 397*g**3 - 395*g**3 - 2 - 5*g. Calculate m(4).
10
Suppose -17*z + 7 = -95. Let g(c) = -2*c + z - 8 - 4*c. Calculate g(-2).
10
Let i(a) be the second derivative of 0 - 199*a + 4/3*a**3 + 0*a**2. What is i(-4)?
-32
Let w(b) = -b**2 + 4*b - 7. Let q be w(5). Let z be (2/2)/(3 + q - -8). Let t(s) = -17*s + 1. Calculate t(z).
18
Let q(f) be the third derivative of -f**5/60 + 19*f**4/24 + 127*f**3/6 - 1833*f**2. Determine q(25).
-23
Let a = 120 - 116. Suppose a*g = -20 + 20. Let x(f) = -f**2 - 2*f - 1. What is x(g)?
-1
Let z be (17/51)/(2/30). Suppose 0 = 2*y - z*o + 6 + 4, 0 = -2*y + 3*o - 6.